{"id":141,"date":"2015-10-02T19:46:36","date_gmt":"2015-10-02T19:46:36","guid":{"rendered":"http:\/\/hotelalejandro.com.ar\/web\/?page_id=141"},"modified":"2015-11-16T19:26:29","modified_gmt":"2015-11-16T19:26:29","slug":"quienes-somos","status":"publish","type":"page","link":"https:\/\/hotelalejandro.com.ar\/web\/quienes-somos\/","title":{"rendered":"Quienes Somos"},"content":{"rendered":"<table border=\"0\" width=\"630\">\n<tbody>\n<tr>\n<td width=\"241\" height=\"321\"><img loading=\"lazy\" decoding=\"async\" src=\"http:\/\/hotelalejandro.com.ar\/web\/wp-content\/uploads\/2013\/11\/DSC_0139-199x300.jpg\" alt=\"DSC_0139\" width=\"241\" height=\"338\" \/><\/td>\n<td width=\"379\">El <strong>Hotel Alejandro<\/strong> primero abri\u00f3 sus puertas en Paso de los Libre \u00a0el 1 de enero de 1975. Desde ese entonces brindamos \u00a0calidad y servicio.<\/p>\n<p>Paso de los Libres es una de las ciudades m\u00e1s pujantes del sur correntino. El Puente Internacional que lo une a la ciudad brasile\u00f1a de Uruguayana, le confiere una fisonom\u00eda muy peculiar y cosmopolita. Cuenta con un activo comercio y un tr\u00e1fico de excepci\u00f3n siendo la segunda aduana m\u00e1s importante del pa\u00eds.<\/p>\n<p>Coronel L\u00f3pez y Pago Largo &#8211; Paso de los Libres &#8211; Corrientes<br \/>\nTel: (03772) 42-4100\/2<\/td>\n<\/tr>\n<\/tbody>\n<\/table>\n<p><a href=\"http:\/\/hotelalejandro.com.ar\/web\/wp-content\/uploads\/2015\/10\/SLIDER101.jpg\"><img loading=\"lazy\" decoding=\"async\" class=\"aligncenter size-full wp-image-259\" src=\"http:\/\/hotelalejandro.com.ar\/web\/wp-content\/uploads\/2015\/10\/SLIDER101.jpg\" alt=\"SLIDER10\" width=\"1901\" height=\"605\" srcset=\"https:\/\/hotelalejandro.com.ar\/web\/wp-content\/uploads\/2015\/10\/SLIDER101.jpg 1901w, https:\/\/hotelalejandro.com.ar\/web\/wp-content\/uploads\/2015\/10\/SLIDER101-300x95.jpg 300w, https:\/\/hotelalejandro.com.ar\/web\/wp-content\/uploads\/2015\/10\/SLIDER101-1024x326.jpg 1024w, https:\/\/hotelalejandro.com.ar\/web\/wp-content\/uploads\/2015\/10\/SLIDER101-173x55.jpg 173w\" sizes=\"auto, (max-width: 1901px) 100vw, 1901px\" \/><\/a><\/p>\n","protected":false},"excerpt":{"rendered":"<p>El Hotel Alejandro primero abri\u00f3 sus puertas en Paso de los Libre \u00a0el 1 de enero de 1975. Desde ese entonces brindamos \u00a0calidad y servicio. Paso de los Libres es&#8230; <a class=\"more-link\" href=\"https:\/\/hotelalejandro.com.ar\/web\/quienes-somos\/\" rel=\"nofollow\">Continue reading<\/a><\/p>\n","protected":false},"author":3,"featured_media":221,"parent":0,"menu_order":0,"comment_status":"closed","ping_status":"closed","template":"template-fullwidth.php","meta":{"footnotes":""},"class_list":["post-141","page","type-page","status-publish","has-post-thumbnail","hentry"],"_links":{"self":[{"href":"https:\/\/hotelalejandro.com.ar\/web\/wp-json\/wp\/v2\/pages\/141","targetHints":{"allow":["GET"]}}],"collection":[{"href":"https:\/\/hotelalejandro.com.ar\/web\/wp-json\/wp\/v2\/pages"}],"about":[{"href":"https:\/\/hotelalejandro.com.ar\/web\/wp-json\/wp\/v2\/types\/page"}],"author":[{"embeddable":true,"href":"https:\/\/hotelalejandro.com.ar\/web\/wp-json\/wp\/v2\/users\/3"}],"replies":[{"embeddable":true,"href":"https:\/\/hotelalejandro.com.ar\/web\/wp-json\/wp\/v2\/comments?post=141"}],"version-history":[{"count":6,"href":"https:\/\/hotelalejandro.com.ar\/web\/wp-json\/wp\/v2\/pages\/141\/revisions"}],"predecessor-version":[{"id":278,"href":"https:\/\/hotelalejandro.com.ar\/web\/wp-json\/wp\/v2\/pages\/141\/revisions\/278"}],"wp:featuredmedia":[{"embeddable":true,"href":"https:\/\/hotelalejandro.com.ar\/web\/wp-json\/wp\/v2\/media\/221"}],"wp:attachment":[{"href":"https:\/\/hotelalejandro.com.ar\/web\/wp-json\/wp\/v2\/media?parent=141"}],"curies":[{"name":"wp","href":"https:\/\/api.w.org\/{rel}","templated":true}]}}